ne t(-6).
-7
Let y(x) = 15*x. Calculate y(2).
30
Let k(m) = -m**2 - 3*m - 12. Calculate k(-5).
-22
Let o(g) = 4*g + 24. Determine o(-20).
-56
Let j(m) = -m**2 + 3*m + 2. What is j(3)?
2
Let x(g) = g**2 - 6*g - 14. What is x(-3)?
13
Let w(b) = -16*b - 581. Determine w(-36).
-5
Let w(g) = 12*g - 65. What is w(5)?
-5
Let u(v) = v**3 - 9*v**2 - 12*v + 5. Determine u(10).
-15
Let o(i) = 2*i**2 - 24*i + 10. Give o(11).
-12
Let j(v) = 5*v + 99. Calculate j(-21).
-6
Let t(l) = l**3 + l**2 - 9*l - 14. Give t(-2).
0
Let i(x) = -10*x + 2. Give i(6).
-58
Let r(m) = -m + 11. Determine r(6).
5
Let u(d) = 4*d**2 - 3*d + 2. What is u(1)?
3
Let n(f) = -13*f + 69. Determine n(6).
-9
Let n(y) = 13*y + 5. Determine n(-3).
-34
Let m(a) = 2*a + 6. Determine m(6).
18
Let q(s) = 2*s - 12. Give q(9).
6
Let b(j) = -3*j - 71. What is b(-6)?
-53
Let a(l) = 2*l + 6. Determine a(-9).
-12
Let o(w) = -w**3 + 6*w**2 - 8*w + 37. What is o(6)?
-11
Let k(q) = 11*q - 2. Give k(2).
20
Let r(u) = -7*u**2 - 108*u - 44. Give r(-15).
1
Let i(c) = c**2 + 13*c - 7. Determine i(-10).
-37
Let x(u) = -18*u - 12. Determine x(3).
-66
Let f(c) = 2*c**2 - 3*c - 3. Calculate f(6).
51
Let h(x) = -14*x. What is h(1)?
-14
Let f(t) = 40*t - 13. What is f(1)?
27
Let t(b) = -3*b - 51. Determine t(-17).
0
Let i(s) = s**3 - 26*s**2 - 17*s - 268. What is i(27)?
2
Let i(j) = 4*j**2 + j + 1. Calculate i(2).
19
Let q(x) = 2*x**3 - 6*x**2 - 15*x + 49. Calculate q(3).
4
Let n(x) = -16*x + 89. Determine n(8).
-39
Let w(g) = g**3 - 7*g**2 - 7*g - 6. What is w(7)?
-55
Let n(r) = 11*r. Calculate n(-1).
-11
Let g(h) = h**3 + 25*h**2 - 26*h - 37. Give g(-26).
-37
Let v(n) = n**2 + 9*n + 3. Determine v(-11).
25
Let k(b) = b - 4. Calculate k(-6).
-10
Let y(m) = -33*m**3 + m. What is y(1)?
-32
Let y(x) = x + 28. Calculate y(-15).
13
Let h(b) = -81*b**3 - 3*b**2 + 3*b + 4. Calculate h(-1).
79
Let v(u) = -u + 60. Determine v(23).
37
Let c(y) = -y**2 - 19*y. Give c(-18).
18
Let i(z) = z**3 - 11*z**2 + 14*z - 10. Give i(9).
-46
Let h(o) = 2*o**3 - 5*o**2 + 2*o + 4. Determine h(2).
4
Let p(l) = l**2 + 27*l + 29. What is p(-20)?
-111
Let t(a) = 3*a**2 - 9*a - 28. Determine t(9).
134
Let n(p) = p**2 + 8*p + 8. Calculate n(-7).
1
Let z(g) = 16*g**2 - 66*g + 5. Give z(4).
-3
Let v(h) = -h**2 - 8*h + 8. What is v(-8)?
8
Let o(j) = -4*j**2 - 22*j + 4. Calculate o(-6).
-8
Let s(b) = 24*b**2 - b - 1. Calculate s(-1).
24
Let t(f) = f**2 - f - 182. Give t(14).
0
Let m(y) = 2*y**2 - 8*y + 2. What is m(6)?
26
Let z(b) = 4*b**2 - 9*b + 4. Determine z(2).
2
Let y(v) = -2*v**3 + 2*v**2 + 5*v - 5. Calculate y(2).
-3
Let d(c) = -2*c**2 + 39*c + 37. Give d(21).
-26
Let s(t) = 5*t + 17. Give s(-3).
2
Let o(r) = r**2 + 5*r - 6. Give o(-6).
0
Let p(n) = -n**2 - 8*n - 9. What is p(-7)?
-2
Let m(s) = -s**2 - 4*s - 3. Determine m(-5).
-8
Let q(v) = -v**2 - 4*v - 26. Determine q(-12).
-122
Let g(w) = 26*w**3 + w**2 + 3*w - 2. Calculate g(1).
28
Let m(h) = h**3 - 7*h**2 + 3*h + 7. What is m(6)?
-11
Let j(b) = 5*b**3 + 3*b + 3. What is j(-2)?
-43
Let s(w) = -22*w + 106. Determine s(5).
-4
Let t(z) = z**2 + 5*z + 6. Calculate t(-6).
12
Let y(n) = 2*n**2 + 16*n - 8. What is y(-8)?
-8
Let j(f) = -f**3 + 12*f**2 + 1. What is j(12)?
1
Let h(f) = 3*f**2 - 3*f + 2. What is h(2)?
8
Let o(g) = -18*g. What is o(-1)?
18
Let d(r) = r**2 - 5*r + 13. What is d(3)?
7
Let o(r) = r**2 - r - 26. Calculate o(8).
30
Let x(u) = 4*u + 15. Calculate x(15).
75
Let h(x) = -x + 11. Give h(6).
5
Let o(i) = 3*i**3 + 8*i**2 + 2*i - 9. Calculate o(-2).
-5
Let v(y) = 2*y**2 + 23*y - 9. Determine v(-12).
3
Let i(y) = y**3 - 8*y**2 + y + 5. Determine i(7).
-37
Let b(i) = 6*i - 134. Give b(27).
28
Let x(r) = 11*r - 133. What is x(8)?
-45
Let s(o) = o + 24. Calculate s(12).
36
Let p(r) = 3*r**2 + 6*r + 1. What is p(-4)?
25
Let w(x) = x**2 - 18*x + 77. Determine w(17).
60
Let j(b) = -b**2 - 4*b - 8. Give j(-5).
-13
Let v(g) = g**3 - 11*g**2 + 9*g + 12. Determine v(10).
2
Let w(g) = -g**3 + 7*g**2 + g + 7. What is w(7)?
14
Let a(i) = -i**3 - 11*i**2 - 10*i - 2. Calculate a(-10).
-2
Let f(b) = -b**3 + 4*b**2 - 3*b + 3. What is f(3)?
3
Let n(l) = 85*l**2 - 427*l + 7. Calculate n(5).
-3
Let t(u) = -u**2 + 18*u + 62. Calculate t(21).
-1
Let y(n) = -n**3 + 6*n**2 + 2*n - 6. Determine y(6).
6
Let q(x) = x**3 + 7*x**2 - 11*x - 12. Calculate q(-6).
90
Let p(z) = -z + 18. Determine p(22).
-4
Let i(k) = k - 19. What is i(-9)?
-28
Let l(a) = 2*a**2 - 5*a - 1. Give l(4).
11
Let f(p) = 5*p**2 + 2*p + 1. Calculate f(-1).
4
Let z(c) = c**2 + 7*c + 2. What is z(-7)?
2
Let g(p) = p**3 + 2*p**2 + p - 7. Calculate g(0).
-7
Let w(z) = z + 36. Determine w(-20).
16
Let k(g) = 3*g + 5. What is k(-3)?
-4
Let s(b) = -4*b + 29. Determine s(13).
-23
Let s(q) = 9*q**3 + 3*q**2 - q + 1. Give s(2).
83
Let c(i) = 37*i + 225. Determine c(-6).
3
Let h(j) = -26*j + 4. Determine h(2).
-48
Let s(f) = 13*f**3 - 2*f**2 + 2*f + 4. Give s(-1).
-13
Let o(x) = x**3 + 8*x**2 - 8*x + 1. Calculate o(-9).
-8
Let y(p) = p**3 + 12*p**2 + p - 1. Give y(-12).
-13
Let w(l) = 2*l - 46. Calculate w(16).
-14
Let v(l) = l**2 - 10*l + 27. Calculate v(5).
2
Let b(g) = -g**2 + 5*g + 12. Determine b(9).
-24
Let f(o) = -o**2 + 15*o - 28. Determine f(14).
-14
Let t(h) = 3*h**2 - 8*h + 10. What is t(2)?
6
Let z(x) = -15*x**2 + x + 5. Determine z(2).
-53
Let f(o) = o**2 - 9*o + 6. What is f(8)?
-2
Let n(i) = 3*i**3 + 3*i**2 - 6. Determine n(-2).
-18
Let n(v) = v**3 - 15*v**2 - 16*v + 13. Determine n(16).
13
Let s(k) = -k**3 - 9*k**2 - 19*k - 11. Determine s(-4).
-15
Let z(n) = -2*n**3 - 54*n**2 - 52*n + 12. Calculate z(-26).
12
Let o(t) = -t**3 + 3*t**2 - 2. Give o(3).
-2
Let h(p) = -15*p**2 + 2*p - 6. Calculate h(3).
-135
Let o(k) = 2*k - 48. Give o(20).
-8
Let w(g) = -g**3 - 25*g**2 - 44*g + 20. What is w(-23)?
-26
Let k(n) = -n - 40. Determine k(-16).
-24
Let k(s) = s**3 + 10*s**2 + 8*s - 1. Give k(-9).
8
Let m(o) = 2*o - 22. Calculate m(14).
6
Let z(q) = 2*q**2 + 19*q + 41. Give z(-4).
-3
Let o(r) = r**2 - 2*r - 2. Determine o(6).
22
Let x(f) = -8*f - 4. What is x(2)?
-20
Let j(l) = 4*l - 10. Determine j(8).
22
Let v(g) = -g**3 - 5*g**2 - g - 6. Determine v(-5).
-1
Let n(h) = -8*h**3 - h**2 + h + 2. Calculate n(-1).
8
Let y(o) = o**2 - 9*o + 28. What is y(4)?
8
Let b(m) = -36*m + 431. Calculate b(12).
-1
Let u(w) = -62*w - 244. Determine u(-4).
4
Let u(c) = -c**3 - 13*c**2 - 2*c - 2. Give u(-12).
-122
Let y(a) = -2*a**2 - a + 18. Calculate y(0).
18
Let i(j) = -62*j - 175. What is i(-3)?
11
Let l(r) = 8*r + 15. Determine l(-12).
-81
Let b(u) = 3*u - 57. What is b(5)?
-42
Let i(k) = -k**2 - 29*k - 21. What is i(-27)?
33
Let u(j) = 2*j**2 - 6*j + 2. Determine u(4).
10
Let j(m) = -m**3 + 26*m**2 - 25*m - 11. Determine j(25).
-11
Let z(r) = -r**2 - 7*r + 7. Calculate z(-4).
19
Let u(v) = -16*v - 7. Determine u(6).
-103
Let p(s) = 19*s + 56. Determine p(-8).
-96
Let r(s) = s**2 + 10*s + 15. Calculate r(-9).
6
Let d(q) = -10*q - 388. What is d(-38)?
-8
Let b(n) = -n**2 + 16*n - 10. Give b(15).
5
Let x(o) = -3*o + 91. Give x(7).
70
Let a(s) = -2*s**2 + 30*s - 10. Give a(14).
18
Let n(q) = -41*q + 4. What is n(0)?
4
Let f(n) = n**3 - 10*n**2 - n + 12. Give f(10).
2
Let a(m) = -m**3 - 3*m**2 + 4*m + 1. Give a(-2).
-11
Let y(t) = -17*t + 396. Calculate y(24).
-12
Let b(q) = -14*q - 141. Calculate b(-11).
13
Let l(j) = j**2 - 18*j + 61. Determine l(8).
-19
Let d(l) = 10*l + 3. Determine d(4).
43
Let y(f) = -203*f - 1228. Determine y(-6).
-10
Let x(n) = -n**3 + 6*n**2 + 5*n + 9. Determine x(7).
-5
Let l(w) = w**3 - 5*w**2 - 2*w + 7. What is l(5)?
-3
Let u(v) = v**2 - 1. Calculate u(4).
15
Let y(m) = 2*m**3 + m**2 - 9*m + 2. What is y(2)?
4
Let n(a) = 2*a**3 - 5*a**2 + 4*a - 3. What is n(3)?
18
Let d(u) = u**3 + 13*u**2 + 25*u + 31. What is d(-11)?
-2
Let p(m) = -11*m + 3. What is p(-6)?
69
Let h(q) = 9*q**3 + q**2 - 4*q + 3. What is h(2)?
71
Let s(a) = 6*a - 43. Give s(10).
17
Let w(m) = m**3 + 7*m**2 - 2*m - 5. Determine w(-7).
9
Let r(q) = q**3 - 3*q**2 - 2*q - 6. Calculate r(4).
2
Let g(s) = -2*s + 12. Calculate g(22).
-32
Let j(c) = -27*c + 382. Calculate j(14).
4
Let r(q) = 4*q**2 + 52*q + 36. Give r(-12).
-12
Let h(u) = -11*u - 395. Give h(-36).
1
Let n(y) = -y**2 - 2*y - 8. Determine n(3).
-23
Let y(s) = s**2 - 3*s - 2. Give y(-1).
2
Let x(r) 